Let u(o) = o + 91. What is the tens digit of u(-25)?
6
Suppose -2*b = 2*b - 8. Suppose -5*g - 3*t = -103, 4*g - 108 = b*t - 30. Suppose 0 = 2*j + 3*j - g. What is the units digit of j?
4
Let p(k) = -2*k - 188 + 89 + 88. Let s = -9 + 1. What is the units digit of p(s)?
5
What is the tens digit of 258/4*2*8/6?
7
Suppose 0*c = 4*l - 5*c - 53, l + 8 = -3*c. What is the units digit of l?
7
Let q(y) = y**3 - 5*y**2 + 9*y + 10. What is the hundreds digit of q(7)?
1
Let z = -10 + 12. Let q = z - -8. What is the tens digit of q?
1
What is the units digit of (-74)/(-9) - (-4)/(-18)?
8
Suppose 25 = -0*v + 2*v - 3*m, -3*m = -5*v + 49. What is the units digit of v?
8
Let v(q) = -2*q + 0*q + 0 + 2*q**2 - 1. Let z be v(-1). Suppose 4*u = z*y - 4 + 11, 2*u - 2 = 2*y. What is the units digit of u?
4
Suppose -4*n - 65 = -1. Suppose 4*g = -0*l + 5*l - 124, g + 4*l = -10. Let w = n - g. What is the units digit of w?
0
Let m(y) = y + 17. What is the units digit of m(6)?
3
Let b be 79 - -2 - 1/1. What is the units digit of 3/(-9) + b/6?
3
Let t be (6 - (0 + 3)) + 1. Let i be (t - 6) + 2/2. What is the units digit of i/(-4) + 225/12?
9
Suppose 519 = 10*g - 7*g. Suppose 3*t - 171 = 3*c, -4*t + 4*c = -t - g. What is the tens digit of t?
5
Suppose 11*j - 611 - 346 = 0. What is the units digit of j?
7
Let c = -29 - -18. Let u = c - -15. What is the units digit of u?
4
Suppose c - 123 = 4*r, 0 = -5*c - 0*r + 4*r + 551. What is the units digit of c?
7
Let q = -42 - -129. What is the units digit of q?
7
Suppose -5*x + 2*u + 7 = -4*x, 0 = -5*x - 4*u - 7. Suppose d = -x, 49 = 5*b + d - 0*d. What is the units digit of b?
0
Let b = -53 + 21. What is the tens digit of 2/(-4)*(2 + b)?
1
Let o be -7 + 6 - (68 + 1). Let p = o - -116. What is the tens digit of p?
4
Suppose -3*m = q - 63, -10 = -5*m - 25. What is the tens digit of q?
7
Let w(a) = -4*a + 3. What is the units digit of w(-4)?
9
Suppose u = 4*u - 12. Suppose u*f - 18 = f. What is the units digit of f?
6
Let h(t) = -t**3 + 26*t**2 + 7*t - 39. What is the units digit of h(26)?
3
Let o = 9 - 5. Suppose -o*k + 1 = -23. What is the units digit of k?
6
Let z be 3*(6/2 + -2). Let r = 2 + z. Suppose 25 + r = 5*y. What is the units digit of y?
6
Suppose -12 = 7*y - 4*y, 2*g - 48 = 5*y. What is the units digit of g?
4
Let w be (-3 - (0 - 4)) + 1. Suppose 8 - 2 = w*l. What is the units digit of l?
3
Let s(f) = f**2 - f + 10. Let l be s(0). Suppose -5*i + 4 = -4*w, l = 5*i - 3*w + 2. Suppose -i*k - a = -3*a - 68, 4*k = 5*a + 74. What is the units digit of k?
6
Suppose 0 = -5*n + 10, w + 2*n = 2*w - 41. What is the units digit of w?
5
Let x be 2 + (-2*1 - -4). Suppose 0 = -5*m + x*p + 20, 3*m - 4 - 8 = 5*p. What is the units digit of m?
4
Let h be 5/4*(-2 - -6). Suppose -3*t = z - 19, h*t - 14 = 1. Let q(s) = -s**3 + 11*s**2 - 7*s - 9. What is the tens digit of q(z)?
2
Suppose 11 = l - 2*u - 14, -5*u = -2*l + 52. Suppose 3 = -3*d + l. What is the units digit of d?
6
Let n = 149 - 96. What is the units digit of n?
3
Suppose 4*j + 0*j - 12 = 0. Suppose 0 = f + j*f + 16. Let g(s) = s**3 + 5*s**2 + 3*s - 2. What is the units digit of g(f)?
2
Let y(r) = r**2 + 14*r - 7. What is the units digit of y(-15)?
8
Let p(m) = -m**2 - 9*m + 2. What is the units digit of p(-9)?
2
Let l = -2 - -5. Let d(y) = 16*y - 4. Let m be d(l). Let n = m + -26. What is the tens digit of n?
1
Suppose 4*i + n = -3*n + 140, 4*n - 38 = -i. Let j = 10 + 39. Let l = j - i. What is the units digit of l?
5
Let t = 30 + -18. Suppose 52 - t = 2*k. Suppose 0*v = 2*v - k. What is the units digit of v?
0
Suppose 0 = 5*a + 7 + 8. What is the units digit of ((-1)/a)/(3/126)?
4
What is the units digit of (-1)/(-6) + 140/24?
6
Suppose -106 = 7*r - 484. What is the tens digit of r?
5
Suppose 5*t = 4*z - 12 - 27, 2*t = 5*z - 70. What is the units digit of z?
6
Let k be 2/(-8) - (-1)/4. Suppose -5 = -q - p - k, 0 = 3*q - 3*p - 3. What is the units digit of q?
3
Let y be (-7)/(-14)*(0 - 4). Let l(q) = 5*q**2 - 3*q - 3. What is the tens digit of l(y)?
2
Let k(t) = -146*t**3 + 2*t**2 - 2*t - 3. What is the units digit of k(-1)?
7
Suppose 9 + 1 = 2*q. Suppose 4*r - 57 = 5*k, -q*r + 39 = -k - 27. What is the units digit of r?
3
Suppose k + 5 - 2 = 0, -223 = -5*d + k. Let x = d + -14. What is the units digit of x?
0
Let b be -1*(0 + 1 + -4). Suppose -6*z + b*u + 17 = -2*z, 0 = -z + 2*u + 3. Suppose -g + 16 = -n, -z*g - 2*n + 7 + 52 = 0. What is the tens digit of g?
1
Let r = -5 - -1. Suppose b + 8 = 5*z, 3*z + 2*b = 16 - 6. What is the units digit of (r/(-8))/(1/z)?
1
Let y(g) = g**3 - 3*g**2 - 2*g + 2. Let h be y(4). Let p = -16 + h. What is the units digit of p/5*30/(-4)?
9
Let n be (-54)/10 - 16/(-40). Let j = -1 - n. What is the units digit of j?
4
Let o be (-26)/(-10) + (-10)/(-25). Suppose -o*g + 13 + 35 = 0. Suppose 2*t + 3*t = -4*c - 21, -4*c = 4*t + g. What is the units digit of c?
1
What is the tens digit of -1*(-3 - -4 - 35)?
3
Let h(s) = 2*s - 2*s - 2*s + 5 + 3*s**2. Let u be h(4). Suppose -4*j = -9*j + u. What is the units digit of j?
9
What is the units digit of -2 + (-1)/((-2)/108)?
2
Let t be 72/20 - 2/(-5). Suppose t*a = 5*l + 127, -2*l - 5*a - 4 = 60. What is the units digit of -6*(-3)/(l/(-12))?
8
Suppose -2*a = 4*g - 6, -g - a + 15 = 4*g. Suppose -4*n + g = -0. What is the units digit of n/(1 - 2) + 8?
7
Suppose 10 = -c + 6*c. Suppose c = 2*j - 2. What is the units digit of 13/j - 6/(-4)?
8
Suppose -2*x + 4*w - 24 = 0, 4*x - 4*w = -x - 36. Let q be (-22)/x + 2/(-4). What is the units digit of q/(-20) + (-25)/(-4)?
6
Suppose s = 4*s + 4*c - 15, 0 = -5*s - 2*c + 11. Let k(n) = n**3 - 6*n**2 + 5*n. Let f be k(5). Suppose -4*r + s + 23 = f. What is the units digit of r?
6
Let x(v) = -v - v + 3*v + 0*v. What is the units digit of x(9)?
9
Let j = 194 - 132. What is the tens digit of j?
6
Suppose 4*w - 2*k = 104, -k = 5*w - 3*k - 128. What is the units digit of w?
4
Let m(o) be the first derivative of o**4/4 + 7*o**3/3 - 5*o**2 - 10*o + 2. Let u be m(-8). Suppose b - 33 = -x + u*b, x - 5 = -2*b. What is the tens digit of x?
1
Suppose -3*v + 40 = 4*d - 17, -5*v + 121 = -2*d. What is the tens digit of v?
2
Suppose 25 = 2*i + 5*v, i - 3*i + 35 = -5*v. What is the units digit of i?
5
Let q(i) = 4*i**2 + 3*i - 22. What is the units digit of q(6)?
0
Let x = 1 - 1. Let r = x - -8. What is the units digit of r?
8
Let f(c) = c**2 + c + 49. What is the tens digit of f(0)?
4
Suppose -2*a - 5*s - 290 = -7*a, 0 = -3*s. What is the tens digit of a?
5
Let m(l) = -3*l + 2*l**2 + 2 - 1 + 6*l. What is the units digit of m(-3)?
0
Let a be 468/(-33) - 2/(-11). What is the units digit of (-4)/a - (-984)/84?
2
Let t(r) = 6*r**3 - 4*r**3 - 4*r**3 + 3*r**3 + 11 + 5*r**2 + 2*r. What is the units digit of t(-5)?
1
Suppose -8*q = -3*q - 75. What is the tens digit of q?
1
Suppose -4*y = -5*g - 80, 0 = -g + y + 4*y - 16. Let u be ((-3)/6)/1*g. Let q = u - 5. What is the units digit of q?
3
Let f be 2/6 - 50/6. Let l be -1*f/(2/(-1)). Let w(x) = -x**3 - 5*x**2 - 6*x - 5. What is the units digit of w(l)?
3
Let y = 7 - 4. Suppose y*l + 7 = 4*l. What is the units digit of l?
7
Suppose 0 = 3*i + 4*a - 637, 2*a + 294 = -2*i + 716. What is the tens digit of i?
0
Let p(z) = 9*z**2 + 11*z + 15. What is the units digit of p(-6)?
3
Let d = 2 + -1. Let t = d + -1. Suppose t = -0*n + 5*n - i, 4*n + 3*i - 19 = 0. What is the units digit of n?
1
What is the tens digit of (1756/(-36))/(-1) - (-2)/9?
4
What is the units digit of 51/3*(3 - 0)?
1
Let x(u) = -u**3 + 5*u**2 - 4*u - 1. Let h be x(3). Suppose -h*o + 5 + 50 = 0. What is the tens digit of o?
1
Suppose -5*d = 2*s - 74, 4*s + 0*d + 4*d = 124. What is the units digit of s?
7
Let n = 4 - 0. Suppose 0*l = -n*l + 16. Suppose 3*z = -3*p + 24, 5*z - 1 = -l*p + 28. What is the units digit of p?
1
Let j = 98 - 36. Suppose -2*g - 3*b = -j, -2*b = -3*g + 47 + 59. What is the tens digit of g?
3
Let f(o) = -9*o**3 + 7*o**2 + 2*o - 9. Let s(x) = -17*x**3 + 13*x**2 + 4*x - 17. Let t(q) = 11*f(q) - 6*s(q). What is the tens digit of t(2)?
1
Suppose -35 - 1 = -4*q - 3*s, 4*s = 3*q - 2. Suppose d - 5 = -3, -3*n = -d - 193. Suppose -t + q*t - n = 0. What is the units digit of t?
3
Suppose -5*q = -3*m - 6 - 13, -4*q - 28 = 3*m. Let v = -7 - m. What is the units digit of v?
1
S